{"id":1153,"date":"2015-03-27T11:50:23","date_gmt":"2015-03-27T11:50:23","guid":{"rendered":"http:\/\/senorc.no\/?page_id=1153"},"modified":"2016-07-29T14:32:19","modified_gmt":"2016-07-29T14:32:19","slug":"her-kan-du-fa-kjopt-seks-dager-i-april-pr-27-03-15","status":"publish","type":"page","link":"https:\/\/senorc.no\/?page_id=1153","title":{"rendered":"Seks dager i april"},"content":{"rendered":"<p><span style=\"color: #000000;\">av <a style=\"color: #000000;\" href=\"http:\/\/senorc.no\/?page_id=1495\">Stein Arne Nistad<\/a><\/span><\/p>\n<ul>\n<li><em><a href=\"http:\/\/senorc.no\/?attachment_id=1136\" rel=\"attachment wp-att-1136\"><img loading=\"lazy\" decoding=\"async\" class=\"size-medium wp-image-1136 alignright\" src=\"http:\/\/senorc.no\/wp-content\/uploads\/2015\/01\/boklanserning_web-300x226.jpg\" alt=\"boklanserning_web\" width=\"300\" height=\"226\" srcset=\"https:\/\/senorc.no\/wp-content\/uploads\/2015\/01\/boklanserning_web-300x226.jpg 300w, https:\/\/senorc.no\/wp-content\/uploads\/2015\/01\/boklanserning_web.jpg 720w\" sizes=\"auto, (max-width: 300px) 100vw, 300px\" \/><\/a><\/em><em>Sterk, spennende og velskrevet. Anbefales. (Nordlys)<\/em><\/li>\n<li><em>Det er en spennende, gripende og nesten uvirkelig historie. Anbefales. (Fremover)<\/em><\/li>\n<li><em>Jeg liker ikke b\u00f8ker om krigen. Terningkast seks. Kristine (Bokelskere.no)<\/em><\/li>\n<li><em>En forrykende thriller som driver deg videre fra side til side. (Frognerhoyre.no)<\/em><\/li>\n<\/ul>\n<p><em>Seks dager i april handler om vanlige folk i og under en krig. Hvem er de n\u00e5r de t\u00f8ffeste valgene m\u00e5 tas og alt st\u00e5r p\u00e5 spill? Vi m\u00f8ter en tysk soldat, en jente p\u00e5 tretten \u00e5r og hennes far. Romanen er et historisk drama \u2013 en thriller som overg\u00e5r fantasien! Men den er\u00a0f\u00f8rst og fremst fortellingen om menneskers kj\u00e6rlighet, tro, overbevisning og valg.<\/em><\/p>\n<p><strong><span style=\"color: #000000;\">Tilbud: N\u00e5 f\u00e5r du &laquo;Seks dager i april&raquo; for kr. 99,-\u00a0p\u00e5 \u00a0<a style=\"color: #000000;\" href=\"https:\/\/ebok.no\/ebok\/seks-dager-i-april_stein-arne-nistad\/\">ebok.no <\/a><\/span><\/strong><\/p>\n<p><span style=\"color: #000000;\"><strong><a style=\"color: #000000;\" href=\"http:\/\/senorc.no\/?page_id=1063\">&laquo;Seks dager i april&raquo;<\/a> og oppf\u00f8lgeren <\/strong><a style=\"color: #000000;\" href=\"http:\/\/www.senorc.no\"><strong>&laquo;Den tapte v\u00e5ren<\/strong>&laquo;<\/a>\u00a0kan kj\u00f8pes eller forh\u00e5ndsbestilles hos alle bokhandlere\u00a0eller p\u00e5 nett:\u00a0<\/span><span style=\"color: #000000;\"><a style=\"color: #000000;\" href=\"http:\/\/www.haugenbok.no\/Skjoennlitteratur\/Romaner\/Seks-dager-i-april\/I9788299875448\">Haugenbok.no<\/a>\u00a0 <a style=\"color: #000000;\" href=\"http:\/\/www.bokklubben.no\/SamboWeb\/produkt.do?produktId=10629655\">Bokklubben.no<\/a>\u00a0 <a style=\"color: #000000;\" href=\"http:\/\/www.bokkilden.no\/SamboWeb\/produkt.do?produktId=10629655&amp;rom=MP\">Bokkilden.no\u00a0<\/a>\u00a0 <a style=\"color: #000000;\" href=\"https:\/\/www.ark.no\/ark\/boker\/Nistad-Stein-Arne-Seks-dager-i-april-et-historisk-drama-om-kjaerlighet-liv-og-9788299875448#.VRU2kY10yUk\">Ark.no<\/a>\u00a0 <a style=\"color: #000000;\" href=\"https:\/\/www.tanum.no\/_skj%C3%B8nnlitteratur\/romaner\/seks-dager-i-april-stein-arne-nistad-9788299875448?gclid=Cj0KEQjw_9OoBRChj9vMo5CHrdUBEiQAJ6YRPadOJp5kSnpJMa9qmIOinkqC94d7m_bS9Q9emi4GTRMaAnyz8P8HAQ\">Tanum.no<\/a>\u00a0 (fra 305-349 inkl. porto)<\/span><\/p>\n<p><span style=\"color: #000000;\"><strong>Du kan f<\/strong><a style=\"color: #000000;\" href=\"http:\/\/senorc.no\/?page_id=1506\"><strong>orh\u00e5ndsbestille &laquo;Den tapte v\u00e5ren&raquo; fra forlaget.<\/strong><\/a>\u00a0(du betaler n\u00e5r du har f\u00e5tt boken)<\/span><\/p>\n<p><strong>Kj\u00f8p\u00a0&laquo;Seks dager i april&raquo; \u00a0fra forlaget for 299,- inkl. porto<\/strong> (vanlig pris 349,-) [wp_cart:Seksdager:price:305:end]<strong>Boken kan ogs\u00e5 bestilles med Viips &#8211; kr. 299,- til 95709111.<\/strong> Husk \u00e5 skrive navn og leveringsadresse i meldingsfeltet.<\/p>\n<p><span style=\"color: #000000;\">\u00a0<\/span><\/p>\n<p><span style=\"color: #000000;\"><a style=\"color: #000000;\" href=\"http:\/\/senorc.no\/?page_id=1063\">Les mer om\u00a0&laquo;Seks dager i april&raquo;<\/a><\/span><br \/>\n<span style=\"color: #000000;\"> <a style=\"color: #000000;\" href=\"http:\/\/senorc.no\/\">Les mer om\u00a0&laquo;Den tapte v\u00e5ren&raquo;<\/a><\/span><br \/>\n<span style=\"color: #000000;\"> <a style=\"color: #000000;\" href=\"http:\/\/senorc.no\/?page_id=1176\">Anmeldelser og oppslag i media<\/a><\/span><br \/>\n<span style=\"color: #000000;\"> <a style=\"color: #000000;\" href=\"http:\/\/senorc.no\/?page_id=1173\">Les tekstutdrag fra boken<\/a><\/span><\/p>\n<p>&nbsp;<\/p>\n","protected":false},"excerpt":{"rendered":"<p>av Stein Arne Nistad Sterk, spennende og velskrevet. Anbefales. (Nordlys) Det er en spennende, gripende og nesten uvirkelig historie. Anbefales. (Fremover) Jeg liker ikke b\u00f8ker om krigen. Terningkast seks. Kristine (Bokelskere.no) En forrykende thriller som driver deg videre fra side &hellip; <a href=\"https:\/\/senorc.no\/?page_id=1153\">Les videre <span class=\"meta-nav\">&rarr;<\/span><\/a><\/p>\n","protected":false},"author":1,"featured_media":0,"parent":0,"menu_order":0,"comment_status":"open","ping_status":"closed","template":"","meta":{"footnotes":""},"class_list":["post-1153","page","type-page","status-publish","hentry"],"_links":{"self":[{"href":"https:\/\/senorc.no\/index.php?rest_route=\/wp\/v2\/pages\/1153","targetHints":{"allow":["GET"]}}],"collection":[{"href":"https:\/\/senorc.no\/index.php?rest_route=\/wp\/v2\/pages"}],"about":[{"href":"https:\/\/senorc.no\/index.php?rest_route=\/wp\/v2\/types\/page"}],"author":[{"embeddable":true,"href":"https:\/\/senorc.no\/index.php?rest_route=\/wp\/v2\/users\/1"}],"replies":[{"embeddable":true,"href":"https:\/\/senorc.no\/index.php?rest_route=%2Fwp%2Fv2%2Fcomments&post=1153"}],"version-history":[{"count":110,"href":"https:\/\/senorc.no\/index.php?rest_route=\/wp\/v2\/pages\/1153\/revisions"}],"predecessor-version":[{"id":1513,"href":"https:\/\/senorc.no\/index.php?rest_route=\/wp\/v2\/pages\/1153\/revisions\/1513"}],"wp:attachment":[{"href":"https:\/\/senorc.no\/index.php?rest_route=%2Fwp%2Fv2%2Fmedia&parent=1153"}],"curies":[{"name":"wp","href":"https:\/\/api.w.org\/{rel}","templated":true}]}}